t v(a) = -3*a**2 - 5*a - 22. Let l be v(-14). Let g be l/(-126) + (-12)/(-7) + -2. Let c(f) = -f + 2*f - 2*f**2 - 3 + g - f**2. What is c(2)?
-9
Let v(q) = -6*q + 60. Let g be v(10). Let n(l) = 17 + 2*l - 31 + 15. What is n(g)?
1
Let y(x) = -100*x + 15. Let b be y(0). Let t(o) = -o**2 + 16*o - 22. Determine t(b).
-7
Let v(b) = -3*b**3 - b**3 - 13*b**2 + 12*b**2 - 8*b + 10*b**2. Let y(z) = 3*z**3 - 8*z**2 + 6*z - 1. Let c(a) = -4*v(a) - 5*y(a). Determine c(-4).
-3
Let u(m) = -35*m - 1. Let a(w) = 685*w + 15. Let g(s) = -a(s) - 20*u(s). Calculate g(-1).
-10
Let q(b) be the third derivative of -b**6/120 + b**5/30 + b**4/8 + b**3/6 - b**2. Suppose 713 = -96*u + 1001. Calculate q(u).
1
Let k(o) = 3*o**2 - 511*o - 854. Let b be k(172). Let i(d) = d**3 - 6*d**2 - 4*d - 16. What is i(b)?
-40
Let f(q) = -q**2 + 6*q - 3. Let c be -4*(-1 + 0) + 8*2. Suppose -7*b + 135 = c*b. Determine f(b).
2
Let g(k) = k**2 + 7*k + 3. Suppose 16*t - 10*t - 78 = 0. Suppose -42 = t*j - 6*j. Give g(j).
-3
Let m be (45/10)/((-10)/(-20)). Let f(p) = 13 + 13*p + 6*p - 21*p + m*p**2 - p**3. What is f(9)?
-5
Let s(o) be the second derivative of o**4/12 - o**3/3 - 2*o. Let c = -172 + 171. Let x be s(c). Let l(g) = g**2 - 2*g - 1. Calculate l(x).
2
Let c = -12653/3 - -4218. Let r(p) be the first derivative of -3/2*p**4 + 2 + p + c*p**3 - p**2. Determine r(1).
-6
Let v(s) = 9 + 2*s + 18 + 2*s - 21 + 5. What is v(-4)?
-5
Let f(i) = 85*i + 1359. Let j be f(-16). Let x(v) = 10*v**2 + 5*v + 2. What is x(j)?
7
Let m(i) = 2*i - 60. Let a = -3364 - -3392. What is m(a)?
-4
Let o(w) = 2*w - 2. Let u = -6085 + 6075. Let j = 0 - 2. Let d be j/(-8)*u*-2. Determine o(d).
8
Let w = -11327 - -11334. Let m(i) = -i**2 + 6*i + 3. Calculate m(w).
-4
Let c = -13 + -85. Let s = 104 + c. Let d be -4 + (-12 - -11)*s/(-2). Let h(j) = 4*j**2 + j + 1. What is h(d)?
4
Let y(v) = 7*v**2 - 36*v + 12. Suppose 8*j + 0*s - 3*s - 55 = 0, 3*s = -2*j - 5. Calculate y(j).
7
Suppose 7*p - 2*p = 4*b - 6, 0 = -2*p - 3*b + 16. Let w be ((-1296)/(-180))/(12/10 - 1). Let k(i) = -3 - 16*i + w*i - 16*i. Calculate k(p).
5
Let d = -81 - -83. Let y(a) = -d*a - 8 + 8 - a**3 + 4*a. What is y(-2)?
4
Let k(z) be the third derivative of -z**4/24 + 13*z**3/6 - 258280*z**2. Suppose 5*v + 26 = 2*t, 26 = 3*t - t - 4*v. Calculate k(t).
0
Let m(l) = l**3 - 5*l**2 + 4*l + 1. Let u be ((-12)/(-7))/(7 + 835/(-119)). Let c = u + 106. What is m(c)?
1
Let n(w) be the first derivative of 7*w**4/4 - w**2/2 - w + 2. Let l = -795 + 808. Let y be (-1)/1 - 0*l/(-91). Calculate n(y).
-7
Let k = -5 + 3. Let p(a) = -1999*a - 3. Let r be p(k). Let z(s) = 6 + r*s - 3995*s - s**3. Determine z(0).
6
Let c(b) = -87*b**3 - 7*b**2 + 6*b + 11. Let p(o) = -19*o**3 - 2*o**2 + o + 3. Let k(i) = 2*c(i) - 9*p(i). Calculate k(3).
-41
Let y(a) = 24*a**3 + 25*a**2 + 11*a - 16. Let o(l) = 7*l**3 + 8*l**2 + 4*l - 5. Let q(z) = -7*o(z) + 2*y(z). Calculate q(-3).
-6
Let i(m) = m**3 + m**2 - 2*m + 3. Let s be i(0). Suppose 110 = s*o + 125. Let c(a) = -a**2 - 5*a - 2. Determine c(o).
-2
Let u = -2 + 3. Let t(i) be the first derivative of -11*i**3/3 - i**2/2 + 90*i + 26. Let s(n) be the first derivative of t(n). Give s(u).
-23
Let h(z) be the second derivative of -z**4/12 + 2*z**3/3 - 32*z. Suppose 18 = -5*w - 4*i, -21*i = -24*i - 6. Determine h(w).
-12
Let v(z) = -4*z**2 - 5*z - 12. Let q(a) = -59*a + 1059. Let n be q(18). Determine v(n).
-33
Let n(b) = b + 34. Suppose 218*c - 125 = 226*c + 27. Determine n(c).
15
Let q = -1646 + 1649. Let a(k) be the first derivative of k**3/3 - k**2/2 - 4*k + 10. Determine a(q).
2
Let v(t) = 11*t**3 - 2*t**2 - 43*t - 16. Let o(n) = 137*n**3 - 24*n**2 - 518*n - 192. Let m(a) = -2*o(a) + 25*v(a). Give m(-5).
4
Let o(u) = 7*u + 48. Let s be (-2 + 0)/((-25)/(-1050)*12). Calculate o(s).
-1
Let j(q) = q**2 + q + 58. Suppose 3*k - 4*m = -4, -m + 29 = -4*k + 28. What is j(k)?
58
Let t(z) = -62*z - 14. Let i(l) = 18*l + 5. Let s(q) = 7*i(q) + 2*t(q). Determine s(0).
7
Let s(b) = 4*b**2 + 4*b - 20. Let h = -18312 + 18306. What is s(h)?
100
Let d = 61 - 31. Let u be (15/d)/(1/2). Let h(i) = -9*i**3 + i**2 - 1. Calculate h(u).
-9
Suppose 37*x - 20*x = 28*x + 44. Let a(v) = v**3 + 4*v**2 + 2*v - 1. What is a(x)?
-9
Suppose 7*k - 16 = -2. Suppose -k*h - 2 = -18. Let r = h - 6. Let d(t) = t**2 + t - 1. Give d(r).
5
Let n(l) = 4 - 3667*l**2 + 4*l - l**3 + 1834*l**2 + 1831*l**2. Suppose 7 = -3*f - 2. What is n(f)?
1
Let p(h) = -15*h + 1. Suppose 921 = 5*s + 5*r + 256, 3*r = -2*s + 262. Let k = s - 139. Calculate p(k).
31
Let s(l) = -l**2 - 3*l + 1. Let o(d) = -d**2 + 14*d + 10. Let x(n) = o(n) + s(n). Let q be x(6). Let v(k) = k**3 - 6*k**2 + 8*k - 6. Determine v(q).
9
Let i be 0 + 15/(-5) + 7. Let d(j) = -6*j + 6*j - 3*j + i*j. Give d(-6).
-6
Let g(v) be the third derivative of 7*v**6/360 + v**5/40 - v**4/12 - 74*v**3/3 + 37*v**2. Let d(n) be the first derivative of g(n). Determine d(2).
32
Let k(t) = 1 - 627*t - 375*t + 1623*t - 617*t. Suppose 0 = 3*u - 7*u + 16. Let j = -3 + u. Calculate k(j).
5
Let w be (-1 - (-5)/3)/(10/(-1275)). Let v = w + 78. Let g(u) = -u**3 - 7*u**2 + u + 5. Give g(v).
-2
Let n be (-56)/(-21)*(-9)/(-6). Suppose n*a + 4 = 5*q, -a + 2*a = 3*q - 1. Suppose -x - 6 = -q. Let y(s) = s**3 + 6*s**2 + 3. Calculate y(x).
3
Suppose 2*r = -l - 124, 0 = 4*l - 4*r + 7*r + 501. Let q = -128 - l. Let g(m) = 3*m**3 + 2*m**2 - m. Give g(q).
-14
Let o(q) be the third derivative of -q**6/120 - q**5/5 + 7*q**4/12 + 19*q**3/6 - 166*q**2 + 9. Let p(i) = -14*i**2 + 1. Let u be p(-1). Determine o(u).
6
Let o = 20 + -30. Let f(z) = -11*z**3 - 60*z**2 + 6*z + 14. Let y(i) = 2*i**3 + 10*i**2 - i. Let s(x) = f(x) + 5*y(x). What is s(o)?
4
Let g(c) = c**2 - 4*c + 4. Let k(l) = l**2 - 13*l + 53. Let r be k(12). Suppose 78 = -r*h + 54*h. Give g(h).
16
Suppose -36*j - 91 - 42 = -25. Let s(n) = -n**2 - 2*n - 7. Calculate s(j).
-10
Let f be (-5 + (-2 - -2))/((-6)/6). Let u(i) = 6*i - 1 - i + f - 8*i. Determine u(-8).
28
Let a(j) = 6993*j + 2*j**2 - j**2 + 7000*j - 9 + 27 - 13979*j. Let d(x) = 2*x**3 - x**2 - 5*x - 3. Let y be d(-2). Determine a(y).
5
Let o(q) = 5*q. Let x(d) = 37*d - 20. Let s(a) = 7*o(a) - x(a). Determine s(-13).
46
Suppose 3*o - 1092 + 1086 = 0. Let t(b) = 3*b**2 + b - 3. Let l(n) = -2*n**2 - n + 2. Let p(d) = -5*l(d) - 4*t(d). What is p(o)?
-4
Let r be -7 - (1452/(-220))/(9/10). Let z(v) be the first derivative of -r*v**3 + v**2 + 19 + 2*v. What is z(3)?
-1
Suppose 0 = 5*u - 2 - 3. Let h be (u/(-2))/((-22)/88). Let g(c) = -29*c**2 + 10*c + 63*c**2 - 33*c**h + 9. Determine g(-8).
-7
Let d(u) = u**3 - 6*u**2 + 9*u - 9. Let p be (-172)/43*46/(-8). Suppose 5*j - 7 - p = -3*i, -3*i + 2*j = -9. What is d(i)?
11
Let c be ((-46)/69)/(8/(-84)*-7). Let t(j) = 15*j + 18. Let g(l) = -l - 1. Let p(y) = 90*g(y) + 5*t(y). Give p(c).
15
Let d(a) be the third derivative of -a**6/120 - a**5/60 + 7*a**3/2 - 48*a**2 + 2. Let f = -112 - -112. Determine d(f).
21
Let x(c) = -3*c**2 - 50*c - 27. Suppose -1087*y - 41 = t - 1082*y, -t + 5*y + 9 = 0. Determine x(t).
5
Let p(m) = -50*m + 27*m + 23 + 26*m. Determine p(-8).
-1
Let j(a) = -2*a**2 + 25*a + 286*a**3 + 28*a**2 - 285*a**3 - 25. What is j(-25)?
-25
Let c(f) be the third derivative of -f**7/840 + f**6/120 + f**5/30 - f**4/24 + 73*f**3/3 + 189*f**2. Let y(x) be the first derivative of c(x). What is y(3)?
11
Let z(y) = -12*y**2 - 1. Suppose 51*v + 1249 = 1198. Calculate z(v).
-13
Let y(d) = -7*d + 3. Suppose -17*n = 11*n - 56. Suppose 10 = 2*p - 2*l, -11*l - 14 = n*p - 7*l. Determine y(p).
-4
Let y(v) = 19*v**3 - 10*v**2 + 12*v - 2. Let m be y(1). Let r(k) = -2*k**2 + 37*k + 15. What is r(m)?
-4
Let r(d) = -78 + 5*d - 73 - 100 + 281. Let w(h) = 4*h + 15. Let t(a) = -3*r(a) + 5*w(a). What is t(6)?
15
Let u(c) = 2*c**2 - 3*c + 1. Let r = -172 - -118. Let w = 59 + r. What is u(w)?
36
Let k be (0 - -7) + (-15)/(-120)*-136. Let b(v) = 5*v + 37. Determine b(k).
-13
Let x(a) = -a**2 + 8*a + 15. Let q be x(10). Let s be (q + 6)/((-2)/(-4)). Suppose -32 + s = -5*c. Let h(i) = -3*i - 2. What is h(c)?
-20
Let q(u) = 46*u + 271. Let f = 3818 - 3824. Determine q(f).
-5
Let g(m) = 9*m**2 - 2*m - 1. Let n(v) be the third derivative of -1/60*v**5 + 1/24*v**4 + 0 + 5/6*v**3 + 32*v**2 + 0*v. Let z be n(3). Determine g(z).
10
Sup